
Convert 2112002 (base 3) to base 12.
1092
Convert 24ae20 (base 16) to base 14.
468092
What is -30004002 (base 6) in base 16?
-cd3e2
What is -413b1 (base 14) in base 13?
-566b7
Convert 83c25 (base 16) to base 5.
114232220
What is -1010000001110111100 (base 2) in base 9?
-550721
-bc304 (base 16) to base 8
-2741404
Convert -c76765 (base 14) to base 15.
-8d23ba
Convert 173762 (base 8) to base 13.
22b78
Convert -512bc3 (base 15) to base 11.
-21a4830
Convert 120741 (base 13) to base 3.
210211101000
-958a6 (base 11) to base 10
-139508
What is -14a7287 (base 11) in base 4?
-21303320311
-101111111110010000 (base 2) to base 8
-577620
4453100 (base 6) to base 13
7b495
Convert 3255414 (base 7) to base 10.
400488
Convert -a19a38 (base 15) to base 12.
-26a28a5
8491cc (base 13) to base 16
2f5fba
94a556 (base 14) to base 11
2920599
What is 287c8 (base 14) in base 4?
120133230
-20111221011000 (base 3) to base 12
-11abb76
What is 551507 (base 8) in base 13?
66380
What is 27dbb (base 14) in base 8?
300701
-483527 (base 10) to base 5
-110433102
Convert 32d2b9 (base 16) to base 15.
45bd4a
What is -13c8ca (base 14) in base 2?
-10100111111010000010
-2020202110 (base 3) to base 9
-66673
Convert -21001221023 (base 4) to base 6.
-122413455
-13732074 (base 9) to base 3
-110211002002111
101100010 (base 5) to base 9
683506
-4e9b37 (base 15) to base 2
-1110011010101001010000
Convert 13af58 (base 16) to base 3.
2102112122110
5701480 (base 9) to base 16
2edeb9
What is -23102550 (base 6) in base 4?
-2230322202
-10412342 (base 6) to base 14
-82062
49244 (base 10) to base 16
c05c
5421132 (base 6) to base 3
111120121002
Convert 10755541 (base 8) to base 7.
25655040
-12a538 (base 12) to base 16
-4b47c
-214102024 (base 5) to base 2
-11100001111001010000
What is 220312000 (base 4) in base 10?
167296
What is -15634254 (base 7) in base 11?
-94a009
Convert -2126275 (base 8) to base 13.
-16b9c6
What is c1c51 (base 16) in base 8?
3016121
142022141 (base 6) to base 16
2c2f8d
Convert -12212002122221 (base 3) to base 11.
-1835a90
752303 (base 8) to base 11
161700
What is -112331010011 (base 4) in base 13?
-1328b31
Convert -52264132 (base 8) to base 12.
-3874b36
-2427321 (base 9) to base 6
-44123501
4515532 (base 7) to base 11
351aa6
-cc3c5 (base 14) to base 2
-1111000110001011001
Convert -117722 (base 9) to base 11.
-49629
What is 2131010 (base 5) in base 14?
d388
What is -13131858 (base 10) in base 7?
-216422205
Convert 41441234 (base 5) to base 9.
572845
What is 171ac4 (base 15) in base 8?
4212507
What is -113330224 (base 5) in base 3?
-222202211021
Convert 1811041 (base 9) to base 2.
11110110110111011000
What is a2b1c (base 13) in base 11?
18a333
-1101001111001000111 (base 2) to base 9
-730867
Convert a26576 (base 12) to base 10.
2540970
What is 1050d25 (base 14) in base 16?
75dca5
-530922 (base 10) to base 11
-332987
What is -36b17 (base 12) in base 8?
-220703
22431010 (base 5) to base 3
101021002200
350151 (base 8) to base 13
42164
What is -31403005 (base 6) in base 13?
-261c35
What is 100022102002 (base 3) in base 5?
21331103
What is 131615 (base 9) in base 5?
10024321
Convert -454277 (base 8) to base 16.
-258bf
639111 (base 12) to base 14
2cc6bb
-1222013313 (base 4) to base 9
-732236
Convert 81a12 (base 11) to base 4.
131032002
What is -102120011120 (base 3) in base 16?
-378f3
Convert 8810ac (base 13) to base 16.
30d893
Convert 3244005 (base 6) to base 4.
213130211
54784 (base 16) to base 7
2640466
-df793 (base 16) to base 12
-38186b
111012121211001 (base 3) to base 14
d0a143
What is 36cc37 (base 13) in base 2?
101000000101110010011
-44002044 (base 6) to base 3
-2110101122001
217208 (base 9) to base 6
2441312
10802164 (base 9) to base 13
1120a35
Convert 107541 (base 8) to base 7.
212004
What is -cbe27 (base 16) in base 4?
-3023320213
Convert 10a7908 (base 15) to base 4.
231132301211
What is -12200022002120 (base 3) in base 10?
-3017400
Convert 2279620 (base 10) to base 12.
91b284
-289b43 (base 12) to base 6
-22331323
Convert -211a26 (base 12) to base 11.
-326980
What is -45236554 (base 7) in base 9?
-7342781
Convert 22201103 (base 5) to base 10.
193903
3561326 (base 7) to base 11
289577
What is -11101010001010101100 (base 2) in base 10?
-959148
263e (base 15) to base 2
1111111011111
What is -367bb5 (base 15) in base 4?
-21330300101
What is 1230001521 (base 6) in base 3?
222212100120011
Convert 398858 (base 11) to base 15.
c59d6
367615 (base 9) to base 8
661644
Convert 10001111100010011 (base 2) to base 13.
275b2
-1113411040 (base 5) to base 4
-21131331210
What is 12203031030 (base 4) in base 8?
6431514
What is 3355d9 (base 15) in base 8?
11255514
Convert 427622 (base 9) to base 11.
164592
41298 (base 11) to base 3
10001122021
What is 2251781 (base 10) in base 12?
907145
Convert b6863 (base 13) to base 7.
2536363
Convert -2665a2 (base 11) to base 12.
-182337
Convert 100011111011101010 (base 2) to base 13.
51cb5
What is -21652425 (base 7) in base 10?
-1878483
Convert 2d56c (base 15) to base 10.
146352
119b65 (base 12) to base 15
59e8b
54555 (base 9) to base 14
d280
Convert 14739bc (base 13) to base 15.
88bd85
-3417077 (base 8) to base 14
-1a1291
Convert b2b385 (base 14) to base 10.
6023785
Convert b468a (base 14) to base 8.
1521242
44034240 (base 5) to base 12
162519
21022221221211 (base 3) to base 5
1444141343
Convert 1152512 (base 6) to base 16.
f05c
Convert 83705 (base 14) to base 6.
10443145
Convert -4656361 (base 7) to base 11.
-370047
-10110110111110100101000 (base 2) to base 16
-5b7d28
-7cc15 (base 15) to base 7
-3244112
dd066 (base 14) to base 10
535170
-68619 (base 11) to base 14
-28248
What is 34260340 (base 7) in base 6?
144023524
What is 11222433 (base 5) in base 6?
2102242
What is 101927 (base 13) in base 8?
1334404
What is -58aa30 (base 14) in base 6?
-144504430
Convert 11256150 (base 7) to base 13.
2881a4
Convert -121212012 (base 4) to base 16.
-19986
Convert 83013 (base 10) to base 3.
11012212120
6868b (base 13) to base 10
190071
What is 5dc03 (base 15) in base 3?
120020010010
Convert 44ba (base 16) to base 8.
42272
-72d90 (base 16) to base 7
-3666322
What is 1a3423 (base 11) in base 2?
1001100001010011011
What is -11341230 (base 6) in base 5?
-42333120
What is -1010210000121110 (base 3) in base 5?
-13141411032
What is 1807 (base 11) in base 4?
210002
Convert 1de93 (base 15) to base 7.
555045
Convert -382724 (base 9) to base 4.
-320210002
What is -368860 (base 10) in base 14?
-985d2
What is -1021213112 (base 4) in base 3?
-120022121122
What is -4b312 (base 15) in base 5?
-30142232
What is 2410005 (base 6) in base 2?
11110101100010101
Convert 11843778 (base 10) to base 7.
202445652
Convert -1737645 (base 8) to base 10.
-507813
What is -2544212 (base 6) in base 8?
-416120
What is -4156310 (base 8) in base 4?
-10031303020
Convert -277099 (base 10) to base 3.
-112002002221
Convert 31220333 (base 4) to base 10.
55871
Convert 488443 (base 11) to base 14.
161755
-25113556 (base 8) to base 10
-5543790
-87454 (base 12) to base 5
-21203444
b428 (base 12) to base 5
1111431
What is -1010000010110110 (base 2) in base 14?
-10dca
101232 (base 5) to base 8
6365
Convert -1122110202000 (base 3) to base 6.
-30432300
-153889 (base 11) to base 13
-84c0a
683285 (base 9) to base 6
12434252
Convert 9166 (base 13) to base 10.
20026
What is -1143221 (base 6) in base 10?
-60349
Convert -521872 (base 9) to base 11.
-1a1845
-22909 (base 10) to base 5
-1213114
Convert -690200 (base 14) to base 12.
-1243908
Convert 585703 (base 9) to base 16.
55ecc
-101010011001000011 (base 2) to base 12
-84597
bb03d (base 16) to base 14
15d233
Convert 1242211 (base 6) to base 13.
24ba4
What is 81b48 (base 12) in base 7?
1303313
Convert -459620 (base 13) to base 8.
-6224226
Convert 17a22 (base 11) to base 3.
1021120001
Convert -100101101110010100 (base 2) to base 16.
-25b94
Convert 26b84a0 (base 12) to base 10.
7707576
-2d8308 (base 16) to base 6
-143532344
185e9 (base 16) to base 5
11143232
-11011110100011101101 (base 2) to base 5
-213132342
Convert -281648 (base 12) to base 16.
-a2a58
948205 (base 10) to base 5
220320310
Convert 23220220 (base 4) to base 15.
e1c1
What is -42223 (base 5) in base 3?
-10212012
Convert -234401 (base 11) to base 7.
-3106031
What is -4a36 (base 13) in base 3?
-112102202
What is 12